{"id":1234,"date":"2023-01-17T16:41:11","date_gmt":"2023-01-17T16:41:11","guid":{"rendered":"https:\/\/pfi.ftmc.lt\/?page_id=1234"},"modified":"2024-03-28T14:23:53","modified_gmt":"2024-03-28T14:23:53","slug":"naujienos-2","status":"publish","type":"page","link":"https:\/\/pfi.ftmc.lt\/?page_id=1234&lang=lt","title":{"rendered":"Naujienos"},"content":{"rendered":"<style>.wp-show-posts-columns#wpsp-1279 {margin-left: -2em; }.wp-show-posts-columns#wpsp-1279 .wp-show-posts-inner {margin: 0 0 2em 2em; }<\/style><section id=\"wpsp-1279\" class=\" wp-show-posts\" style=\"\"><article class=\" wp-show-posts-single wpsp-clearfix post-1288 post type-post status-publish format-standard hentry category-naujienos\" itemtype=\"http:\/\/schema.org\/CreativeWork\" itemscope><div class=\"wp-show-posts-inner\" style=\"\">\t\t\t\t\t\t<header class=\"wp-show-posts-entry-header\">\n\t\t\t\t\t\t\t<h2 class=\"wp-show-posts-entry-title\" itemprop=\"headline\"><a href=\"https:\/\/pfi.ftmc.lt\/?p=1288&#038;lang=lt\" rel=\"bookmark\">D\u0117l \u0161vari\u0173 patalp\u0173 darbo r\u0117\u017eimo!<\/a><\/h2><div class=\"wp-show-posts-entry-meta wp-show-posts-entry-meta-below-title post-meta-inline\"><span class=\"wp-show-posts-posted-on wp-show-posts-meta\">\n\t\t\t\t\t<a href=\"https:\/\/pfi.ftmc.lt\/?p=1288&#038;lang=lt\" title=\"07:29\" rel=\"bookmark\"><time class=\"wp-show-posts-entry-date published\" datetime=\"2025-01-07T07:29:54+00:00\" itemprop=\"datePublished\">2025-01-07<\/time><time class=\"wp-show-posts-updated\" datetime=\"2025-01-07T07:29:55+00:00\" itemprop=\"dateModified\">2025-01-07<\/time><\/a>\n\t\t\t\t<\/span><\/div>\t\t\t\t\t\t<\/header><!-- .entry-header -->\n\t\t\t\t\t\t\t\t\t\t\t<div class=\"wp-show-posts-entry-summary\" itemprop=\"text\">\n\t\t\t\t\t\t\t<p>\u0160varios patalpos dirba normaliu re\u017eimu. S\u0117kming\u0173 eksperiment\u0173 ir rezultat\u0173 2025 metais!<\/p>\n\t\t\t\t\t\t<\/div><!-- .entry-summary -->\n\t\t\t\t\t<\/div><!-- wp-show-posts-inner --><div class=\"wpsp-clear\"><\/div><\/article><article class=\" wp-show-posts-single wpsp-clearfix post-1284 post type-post status-publish format-standard hentry category-naujienos\" itemtype=\"http:\/\/schema.org\/CreativeWork\" itemscope><div class=\"wp-show-posts-inner\" style=\"\">\t\t\t\t\t\t<header class=\"wp-show-posts-entry-header\">\n\t\t\t\t\t\t\t<h2 class=\"wp-show-posts-entry-title\" itemprop=\"headline\"><a href=\"https:\/\/pfi.ftmc.lt\/?p=1284&#038;lang=lt\" rel=\"bookmark\">D\u0117l \u0161vari\u0173 patalp\u0173 darbo \u0161ventiniu laikotarpiu!<\/a><\/h2><div class=\"wp-show-posts-entry-meta wp-show-posts-entry-meta-below-title post-meta-inline\"><span class=\"wp-show-posts-posted-on wp-show-posts-meta\">\n\t\t\t\t\t<a href=\"https:\/\/pfi.ftmc.lt\/?p=1284&#038;lang=lt\" title=\"13:24\" rel=\"bookmark\"><time class=\"wp-show-posts-entry-date published\" datetime=\"2024-12-20T13:24:50+00:00\" itemprop=\"datePublished\">2024-12-20<\/time><time class=\"wp-show-posts-updated\" datetime=\"2024-12-20T13:24:51+00:00\" itemprop=\"dateModified\">2024-12-20<\/time><\/a>\n\t\t\t\t<\/span><\/div>\t\t\t\t\t\t<\/header><!-- .entry-header -->\n\t\t\t\t\t\t\t\t\t\t\t<div class=\"wp-show-posts-entry-summary\" itemprop=\"text\">\n\t\t\t\t\t\t\t<p>Nuo gruod\u017eio 20 d. iki 2025 met\u0173 sausio 6 d. \u0161varios patalpos dirbs bud\u0117jimo re\u017eimu. Norint dirbti jose reikt\u0173 pervesti jungtuk\u0105 \u012f re\u017eim\u0105 &#8220;FULL&#8221;. Labai pra\u0161ome nepamir\u0161ti baigus darbus perjungti&#8230;<\/p>\n\t\t\t\t\t\t<\/div><!-- .entry-summary -->\n\t\t\t\t\t<\/div><!-- wp-show-posts-inner --><div class=\"wpsp-clear\"><\/div><\/article><article class=\" wp-show-posts-single wpsp-clearfix post-1270 post type-post status-publish format-standard hentry category-naujienos\" itemtype=\"http:\/\/schema.org\/CreativeWork\" itemscope><div class=\"wp-show-posts-inner\" style=\"\">\t\t\t\t\t\t<header class=\"wp-show-posts-entry-header\">\n\t\t\t\t\t\t\t<h2 class=\"wp-show-posts-entry-title\" itemprop=\"headline\"><a href=\"https:\/\/pfi.ftmc.lt\/?p=1270&#038;lang=lt\" rel=\"bookmark\">D\u0117l \u0161vari\u0173 patalp\u0173 darbo laiko Kovo m\u0117nes\u012f!<\/a><\/h2><div class=\"wp-show-posts-entry-meta wp-show-posts-entry-meta-below-title post-meta-inline\"><span class=\"wp-show-posts-posted-on wp-show-posts-meta\">\n\t\t\t\t\t<a href=\"https:\/\/pfi.ftmc.lt\/?p=1270&#038;lang=lt\" title=\"08:36\" rel=\"bookmark\"><time class=\"wp-show-posts-entry-date published\" datetime=\"2023-03-17T08:36:23+00:00\" itemprop=\"datePublished\">2023-03-17<\/time><time class=\"wp-show-posts-updated\" datetime=\"2023-03-17T08:40:20+00:00\" itemprop=\"dateModified\">2023-03-17<\/time><\/a>\n\t\t\t\t<\/span><\/div>\t\t\t\t\t\t<\/header><!-- .entry-header -->\n\t\t\t\t\t\t\t\t\t\t\t<div class=\"wp-show-posts-entry-summary\" itemprop=\"text\">\n\t\t\t\t\t\t\t<p>\u0160varios patalpos dirbs nuo Kovo 20 d. 8:00 iki Kovo 31 d. 18:00. Darbo laikas 8-18 val kasdien. Nedarbo metu ir v\u0117liau \u0161variose bus palaikoma dregm\u0117 tik \u012frangos saugojimui .<\/p>\n\t\t\t\t\t\t<\/div><!-- .entry-summary -->\n\t\t\t\t\t<\/div><!-- wp-show-posts-inner --><div class=\"wpsp-clear\"><\/div><\/article><article class=\" wp-show-posts-single wpsp-clearfix post-1267 post type-post status-publish format-standard hentry category-naujienos\" itemtype=\"http:\/\/schema.org\/CreativeWork\" itemscope><div class=\"wp-show-posts-inner\" style=\"\">\t\t\t\t\t\t<header class=\"wp-show-posts-entry-header\">\n\t\t\t\t\t\t\t<h2 class=\"wp-show-posts-entry-title\" itemprop=\"headline\"><a href=\"https:\/\/pfi.ftmc.lt\/?p=1267&#038;lang=lt\" rel=\"bookmark\">\u0160varios patalpos u\u017edarytos !<\/a><\/h2><div class=\"wp-show-posts-entry-meta wp-show-posts-entry-meta-below-title post-meta-inline\"><span class=\"wp-show-posts-posted-on wp-show-posts-meta\">\n\t\t\t\t\t<a href=\"https:\/\/pfi.ftmc.lt\/?p=1267&#038;lang=lt\" title=\"14:22\" rel=\"bookmark\"><time class=\"wp-show-posts-entry-date published\" datetime=\"2023-03-03T14:22:03+00:00\" itemprop=\"datePublished\">2023-03-03<\/time><time class=\"wp-show-posts-updated\" datetime=\"2023-03-03T14:22:04+00:00\" itemprop=\"dateModified\">2023-03-03<\/time><\/a>\n\t\t\t\t<\/span><\/div>\t\t\t\t\t\t<\/header><!-- .entry-header -->\n\t\t\t\t\t\t\t\t\t\t\t<div class=\"wp-show-posts-entry-summary\" itemprop=\"text\">\n\t\t\t\t\t\t\t<p>Gedimas.<\/p>\n\t\t\t\t\t\t<\/div><!-- .entry-summary -->\n\t\t\t\t\t<\/div><!-- wp-show-posts-inner --><div class=\"wpsp-clear\"><\/div><\/article><article class=\" wp-show-posts-single wpsp-clearfix post-1265 post type-post status-publish format-standard hentry category-naujienos\" itemtype=\"http:\/\/schema.org\/CreativeWork\" itemscope><div class=\"wp-show-posts-inner\" style=\"\">\t\t\t\t\t\t<header class=\"wp-show-posts-entry-header\">\n\t\t\t\t\t\t\t<h2 class=\"wp-show-posts-entry-title\" itemprop=\"headline\"><a href=\"https:\/\/pfi.ftmc.lt\/?p=1265&#038;lang=lt\" rel=\"bookmark\">D\u0117mesio!<\/a><\/h2><div class=\"wp-show-posts-entry-meta wp-show-posts-entry-meta-below-title post-meta-inline\"><span class=\"wp-show-posts-posted-on wp-show-posts-meta\">\n\t\t\t\t\t<a href=\"https:\/\/pfi.ftmc.lt\/?p=1265&#038;lang=lt\" title=\"15:52\" rel=\"bookmark\"><time class=\"wp-show-posts-entry-date published\" datetime=\"2023-02-24T15:52:29+00:00\" itemprop=\"datePublished\">2023-02-24<\/time><time class=\"wp-show-posts-updated\" datetime=\"2023-02-24T15:52:30+00:00\" itemprop=\"dateModified\">2023-02-24<\/time><\/a>\n\t\t\t\t<\/span><\/div>\t\t\t\t\t\t<\/header><!-- .entry-header -->\n\t\t\t\t\t\t\t\t\t\t\t<div class=\"wp-show-posts-entry-summary\" itemprop=\"text\">\n\t\t\t\t\t\t\t<p>\u0160varios patalpos darbo laikas prat\u0119siamas iki 2023-03-03. Darbo laikas 8-18 val kasdien. Nedarbo metu ir v\u0117liau \u0161variose bus palaikoma dregm\u0117 tik \u012frangos saugojimui . Clean rooms working time is extended&#8230;<\/p>\n\t\t\t\t\t\t<\/div><!-- .entry-summary -->\n\t\t\t\t\t<\/div><!-- wp-show-posts-inner --><div class=\"wpsp-clear\"><\/div><\/article><article class=\" wp-show-posts-single wpsp-clearfix post-1262 post type-post status-publish format-standard hentry category-naujienos\" itemtype=\"http:\/\/schema.org\/CreativeWork\" itemscope><div class=\"wp-show-posts-inner\" style=\"\">\t\t\t\t\t\t<header class=\"wp-show-posts-entry-header\">\n\t\t\t\t\t\t\t<h2 class=\"wp-show-posts-entry-title\" itemprop=\"headline\"><a href=\"https:\/\/pfi.ftmc.lt\/?p=1262&#038;lang=lt\" rel=\"bookmark\">D\u0117l \u0161vari\u0173 patalp\u0173 darbo laiko vasario m\u0117nes\u012f!<\/a><\/h2><div class=\"wp-show-posts-entry-meta wp-show-posts-entry-meta-below-title post-meta-inline\"><span class=\"wp-show-posts-posted-on wp-show-posts-meta\">\n\t\t\t\t\t<a href=\"https:\/\/pfi.ftmc.lt\/?p=1262&#038;lang=lt\" title=\"14:43\" rel=\"bookmark\"><time class=\"wp-show-posts-entry-date published\" datetime=\"2023-02-03T14:43:21+00:00\" itemprop=\"datePublished\">2023-02-03<\/time><time class=\"wp-show-posts-updated\" datetime=\"2023-02-03T14:43:22+00:00\" itemprop=\"dateModified\">2023-02-03<\/time><\/a>\n\t\t\t\t<\/span><\/div>\t\t\t\t\t\t<\/header><!-- .entry-header -->\n\t\t\t\t\t\t\t\t\t\t\t<div class=\"wp-show-posts-entry-summary\" itemprop=\"text\">\n\t\t\t\t\t\t\t<p>\u0160varios patalpos dirbs nuo 2023-02-06 iki 2023-02-10 ir nuo 2023-02-20 iki 2023-02-24. Darbo laikas 8-18 val kasdien. Nedarbo metu ir v\u0117liau \u0161variose bus palaikoma dregm\u0117 tik \u012frangos saugojimui .<\/p>\n\t\t\t\t\t\t<\/div><!-- .entry-summary -->\n\t\t\t\t\t<\/div><!-- wp-show-posts-inner --><div class=\"wpsp-clear\"><\/div><\/article><article class=\" wp-show-posts-single wpsp-clearfix post-1260 post type-post status-publish format-standard hentry category-naujienos\" itemtype=\"http:\/\/schema.org\/CreativeWork\" itemscope><div class=\"wp-show-posts-inner\" style=\"\">\t\t\t\t\t\t<header class=\"wp-show-posts-entry-header\">\n\t\t\t\t\t\t\t<h2 class=\"wp-show-posts-entry-title\" itemprop=\"headline\"><a href=\"https:\/\/pfi.ftmc.lt\/?p=1260&#038;lang=lt\" rel=\"bookmark\">\u0160varios patalpos u\u017edarytos !<\/a><\/h2><div class=\"wp-show-posts-entry-meta wp-show-posts-entry-meta-below-title post-meta-inline\"><span class=\"wp-show-posts-posted-on wp-show-posts-meta\">\n\t\t\t\t\t<a href=\"https:\/\/pfi.ftmc.lt\/?p=1260&#038;lang=lt\" title=\"15:06\" rel=\"bookmark\"><time class=\"wp-show-posts-entry-date published\" datetime=\"2023-01-27T15:06:22+00:00\" itemprop=\"datePublished\">2023-01-27<\/time><time class=\"wp-show-posts-updated\" datetime=\"2023-01-27T15:06:23+00:00\" itemprop=\"dateModified\">2023-01-27<\/time><\/a>\n\t\t\t\t<\/span><\/div>\t\t\t\t\t\t<\/header><!-- .entry-header -->\n\t\t\t\t\t\t\t\t\t\t\t<div class=\"wp-show-posts-entry-summary\" itemprop=\"text\">\n\t\t\t\t\t\t\t<p>Dregm\u0117s palaikymas tik \u012frangai sandeliuoti.<\/p>\n\t\t\t\t\t\t<\/div><!-- .entry-summary -->\n\t\t\t\t\t<\/div><!-- wp-show-posts-inner --><div class=\"wpsp-clear\"><\/div><\/article><article class=\" wp-show-posts-single wpsp-clearfix post-1257 post type-post status-publish format-standard hentry category-naujienos\" itemtype=\"http:\/\/schema.org\/CreativeWork\" itemscope><div class=\"wp-show-posts-inner\" style=\"\">\t\t\t\t\t\t<header class=\"wp-show-posts-entry-header\">\n\t\t\t\t\t\t\t<h2 class=\"wp-show-posts-entry-title\" itemprop=\"headline\"><a href=\"https:\/\/pfi.ftmc.lt\/?p=1257&#038;lang=lt\" rel=\"bookmark\">\u0160vari\u0173 patalp\u0173 darbo laiko prat\u0119simas<\/a><\/h2><div class=\"wp-show-posts-entry-meta wp-show-posts-entry-meta-below-title post-meta-inline\"><span class=\"wp-show-posts-posted-on wp-show-posts-meta\">\n\t\t\t\t\t<a href=\"https:\/\/pfi.ftmc.lt\/?p=1257&#038;lang=lt\" title=\"12:24\" rel=\"bookmark\"><time class=\"wp-show-posts-entry-date published\" datetime=\"2023-01-20T12:24:28+00:00\" itemprop=\"datePublished\">2023-01-20<\/time><time class=\"wp-show-posts-updated\" datetime=\"2023-01-20T12:24:29+00:00\" itemprop=\"dateModified\">2023-01-20<\/time><\/a>\n\t\t\t\t<\/span><\/div>\t\t\t\t\t\t<\/header><!-- .entry-header -->\n\t\t\t\t\t\t\t\t\t\t\t<div class=\"wp-show-posts-entry-summary\" itemprop=\"text\">\n\t\t\t\t\t\t\t<p>\u0160varios patalpos dirbs iki 2023-01-27. Darbo laikas 8-18 val kasdien. Nedarbo metu ir v\u0117liau \u0161variose bus palaikoma dregm\u0117 tik \u012frangos saugojimui .<\/p>\n\t\t\t\t\t\t<\/div><!-- .entry-summary -->\n\t\t\t\t\t<\/div><!-- wp-show-posts-inner --><div class=\"wpsp-clear\"><\/div><\/article><article class=\" wp-show-posts-single wpsp-clearfix post-1221 post type-post status-publish format-standard hentry category-naujienos\" itemtype=\"http:\/\/schema.org\/CreativeWork\" itemscope><div class=\"wp-show-posts-inner\" style=\"\">\t\t\t\t\t\t<header class=\"wp-show-posts-entry-header\">\n\t\t\t\t\t\t\t<h2 class=\"wp-show-posts-entry-title\" itemprop=\"headline\"><a href=\"https:\/\/pfi.ftmc.lt\/?p=1221&#038;lang=lt\" rel=\"bookmark\">D\u0117l \u0161vari\u0173 patalp\u0173 darbo laiko !<\/a><\/h2><div class=\"wp-show-posts-entry-meta wp-show-posts-entry-meta-below-title post-meta-inline\"><span class=\"wp-show-posts-posted-on wp-show-posts-meta\">\n\t\t\t\t\t<a href=\"https:\/\/pfi.ftmc.lt\/?p=1221&#038;lang=lt\" title=\"16:17\" rel=\"bookmark\"><time class=\"wp-show-posts-entry-date published\" datetime=\"2023-01-13T16:17:04+00:00\" itemprop=\"datePublished\">2023-01-13<\/time><time class=\"wp-show-posts-updated\" datetime=\"2023-01-17T16:17:35+00:00\" itemprop=\"dateModified\">2023-01-17<\/time><\/a>\n\t\t\t\t<\/span><\/div>\t\t\t\t\t\t<\/header><!-- .entry-header -->\n\t\t\t\t\t\t\t\t\t\t\t<div class=\"wp-show-posts-entry-summary\" itemprop=\"text\">\n\t\t\t\t\t\t\t<p>\u0160varios patalpos dirbs iki 2023-01-20. Darbo laikas 8-18 val kasdien. Nedarbo metu ir v\u0117liau \u0161variose bus palaikoma dregm\u0117 tik \u012frangos saugojimui .<\/p>\n\t\t\t\t\t\t<\/div><!-- .entry-summary -->\n\t\t\t\t\t<\/div><!-- wp-show-posts-inner --><div class=\"wpsp-clear\"><\/div><\/article><article class=\" wp-show-posts-single wpsp-clearfix post-1194 post type-post status-publish format-standard hentry category-naujienos\" itemtype=\"http:\/\/schema.org\/CreativeWork\" itemscope><div class=\"wp-show-posts-inner\" style=\"\">\t\t\t\t\t\t<header class=\"wp-show-posts-entry-header\">\n\t\t\t\t\t\t\t<h2 class=\"wp-show-posts-entry-title\" itemprop=\"headline\"><a href=\"https:\/\/pfi.ftmc.lt\/?p=1194&#038;lang=lt\" rel=\"bookmark\">D\u0117mesio d\u0117l traukos \u0161variose patalpose!<\/a><\/h2><div class=\"wp-show-posts-entry-meta wp-show-posts-entry-meta-below-title post-meta-inline\"><span class=\"wp-show-posts-posted-on wp-show-posts-meta\">\n\t\t\t\t\t<a href=\"https:\/\/pfi.ftmc.lt\/?p=1194&#038;lang=lt\" title=\"11:03\" rel=\"bookmark\"><time class=\"wp-show-posts-entry-date published\" datetime=\"2019-11-25T11:03:20+00:00\" itemprop=\"datePublished\">2019-11-25<\/time><time class=\"wp-show-posts-updated\" datetime=\"2019-11-25T11:03:21+00:00\" itemprop=\"dateModified\">2019-11-25<\/time><\/a>\n\t\t\t\t<\/span><\/div>\t\t\t\t\t\t<\/header><!-- .entry-header -->\n\t\t\t\t\t\t\t\t\t\t\t<div class=\"wp-show-posts-entry-summary\" itemprop=\"text\">\n\t\t\t\t\t\t\t<p>2018-12-02 nuo\u00a0 8.00 iki 11.00 val. d\u0117l filtr\u0173 keitimo nebus v\u0117dinimo laboratorijose.<\/p>\n\t\t\t\t\t\t<\/div><!-- .entry-summary -->\n\t\t\t\t\t<\/div><!-- wp-show-posts-inner --><div class=\"wpsp-clear\"><\/div><\/article><\/section><!-- .wp-show-posts -->\n","protected":false},"excerpt":{"rendered":"","protected":false},"author":2,"featured_media":0,"parent":0,"menu_order":0,"comment_status":"closed","ping_status":"closed","template":"page-templates\/template-fullwidth.php","meta":{"footnotes":""},"class_list":["post-1234","page","type-page","status-publish","hentry"],"_links":{"self":[{"href":"https:\/\/pfi.ftmc.lt\/index.php?rest_route=\/wp\/v2\/pages\/1234","targetHints":{"allow":["GET"]}}],"collection":[{"href":"https:\/\/pfi.ftmc.lt\/index.php?rest_route=\/wp\/v2\/pages"}],"about":[{"href":"https:\/\/pfi.ftmc.lt\/index.php?rest_route=\/wp\/v2\/types\/page"}],"author":[{"embeddable":true,"href":"https:\/\/pfi.ftmc.lt\/index.php?rest_route=\/wp\/v2\/users\/2"}],"replies":[{"embeddable":true,"href":"https:\/\/pfi.ftmc.lt\/index.php?rest_route=%2Fwp%2Fv2%2Fcomments&post=1234"}],"version-history":[{"count":4,"href":"https:\/\/pfi.ftmc.lt\/index.php?rest_route=\/wp\/v2\/pages\/1234\/revisions"}],"predecessor-version":[{"id":1282,"href":"https:\/\/pfi.ftmc.lt\/index.php?rest_route=\/wp\/v2\/pages\/1234\/revisions\/1282"}],"wp:attachment":[{"href":"https:\/\/pfi.ftmc.lt\/index.php?rest_route=%2Fwp%2Fv2%2Fmedia&parent=1234"}],"curies":[{"name":"wp","href":"https:\/\/api.w.org\/{rel}","templated":true}]}}