{"id":209,"date":"2016-04-19T12:41:17","date_gmt":"2016-04-19T12:41:17","guid":{"rendered":"http:\/\/pfi.ftmc.lt\/?page_id=209"},"modified":"2019-05-31T10:11:03","modified_gmt":"2019-05-31T10:11:03","slug":"svariu-patalpu-zona","status":"publish","type":"page","link":"https:\/\/pfi.ftmc.lt\/?page_id=209&lang=lt","title":{"rendered":"\u0160vari\u0173 patalp\u0173 zona"},"content":{"rendered":"<p>Atviros prieigos centras &#8220;Prototip\u0173 formavimas ir integravimas&#8221; daugel\u012f technologini\u0173 proces\u0173 vykdo apie 400 kvadratini\u0173 metr\u0173 (i\u0161 kuri\u0173 apie 40 kv.m ISO5 \u0161varumo klas\u0117s, lik\u0119 ISO7) \u0161varos patalpose:<\/p>\n<p><img loading=\"lazy\" decoding=\"async\" class=\"alignnone wp-image-890 size-large\" src=\"http:\/\/pfi.ftmc.lt\/wp-content\/uploads\/2018\/11\/svariu-patalpu-planas-lt-2018-11-19-979x1024.png\" alt=\"\" width=\"979\" height=\"1024\" srcset=\"https:\/\/pfi.ftmc.lt\/wp-content\/uploads\/2018\/11\/svariu-patalpu-planas-lt-2018-11-19-979x1024.png 979w, https:\/\/pfi.ftmc.lt\/wp-content\/uploads\/2018\/11\/svariu-patalpu-planas-lt-2018-11-19-287x300.png 287w, https:\/\/pfi.ftmc.lt\/wp-content\/uploads\/2018\/11\/svariu-patalpu-planas-lt-2018-11-19-250x262.png 250w, https:\/\/pfi.ftmc.lt\/wp-content\/uploads\/2018\/11\/svariu-patalpu-planas-lt-2018-11-19-550x575.png 550w, https:\/\/pfi.ftmc.lt\/wp-content\/uploads\/2018\/11\/svariu-patalpu-planas-lt-2018-11-19-800x837.png 800w, https:\/\/pfi.ftmc.lt\/wp-content\/uploads\/2018\/11\/svariu-patalpu-planas-lt-2018-11-19-172x180.png 172w, https:\/\/pfi.ftmc.lt\/wp-content\/uploads\/2018\/11\/svariu-patalpu-planas-lt-2018-11-19-478x500.png 478w, https:\/\/pfi.ftmc.lt\/wp-content\/uploads\/2018\/11\/svariu-patalpu-planas-lt-2018-11-19.png 994w\" sizes=\"auto, (max-width: 979px) 100vw, 979px\" \/><\/p>\n<p><code><\/code><\/p>\n","protected":false},"excerpt":{"rendered":"<p>Atviros prieigos centras &#8220;Prototip\u0173 formavimas ir integravimas&#8221; daugel\u012f technologini\u0173 proces\u0173 vykdo apie 400 kvadratini\u0173 metr\u0173 (i\u0161 kuri\u0173 apie 40 kv.m ISO5 \u0161varumo klas\u0117s, lik\u0119 ISO7) \u0161varos patalpose:<\/p>\n","protected":false},"author":2,"featured_media":0,"parent":80,"menu_order":0,"comment_status":"closed","ping_status":"closed","template":"","meta":{"footnotes":""},"class_list":["post-209","page","type-page","status-publish","hentry"],"_links":{"self":[{"href":"https:\/\/pfi.ftmc.lt\/index.php?rest_route=\/wp\/v2\/pages\/209","targetHints":{"allow":["GET"]}}],"collection":[{"href":"https:\/\/pfi.ftmc.lt\/index.php?rest_route=\/wp\/v2\/pages"}],"about":[{"href":"https:\/\/pfi.ftmc.lt\/index.php?rest_route=\/wp\/v2\/types\/page"}],"author":[{"embeddable":true,"href":"https:\/\/pfi.ftmc.lt\/index.php?rest_route=\/wp\/v2\/users\/2"}],"replies":[{"embeddable":true,"href":"https:\/\/pfi.ftmc.lt\/index.php?rest_route=%2Fwp%2Fv2%2Fcomments&post=209"}],"version-history":[{"count":11,"href":"https:\/\/pfi.ftmc.lt\/index.php?rest_route=\/wp\/v2\/pages\/209\/revisions"}],"predecessor-version":[{"id":1058,"href":"https:\/\/pfi.ftmc.lt\/index.php?rest_route=\/wp\/v2\/pages\/209\/revisions\/1058"}],"up":[{"embeddable":true,"href":"https:\/\/pfi.ftmc.lt\/index.php?rest_route=\/wp\/v2\/pages\/80"}],"wp:attachment":[{"href":"https:\/\/pfi.ftmc.lt\/index.php?rest_route=%2Fwp%2Fv2%2Fmedia&parent=209"}],"curies":[{"name":"wp","href":"https:\/\/api.w.org\/{rel}","templated":true}]}}