{"id":853,"date":"2018-11-19T13:35:11","date_gmt":"2018-11-19T13:35:11","guid":{"rendered":"http:\/\/pfi.ftmc.lt\/?page_id=853"},"modified":"2019-05-31T10:43:34","modified_gmt":"2019-05-31T10:43:34","slug":"spartaus-atkaitinimo-krosnis-rtp-1300","status":"publish","type":"page","link":"https:\/\/pfi.ftmc.lt\/?page_id=853&lang=lt","title":{"rendered":"Spartaus atkaitinimo krosnis Unitemp RTP-1300"},"content":{"rendered":"\n<figure class=\"wp-block-image\"><img loading=\"lazy\" decoding=\"async\" width=\"300\" height=\"169\" src=\"http:\/\/pfi.ftmc.lt\/wp-content\/uploads\/2018\/11\/20170131_075731-300x169.jpg\" alt=\"\" class=\"wp-image-854\" srcset=\"https:\/\/pfi.ftmc.lt\/wp-content\/uploads\/2018\/11\/20170131_075731-300x169.jpg 300w, https:\/\/pfi.ftmc.lt\/wp-content\/uploads\/2018\/11\/20170131_075731-1024x576.jpg 1024w, https:\/\/pfi.ftmc.lt\/wp-content\/uploads\/2018\/11\/20170131_075731-250x141.jpg 250w, https:\/\/pfi.ftmc.lt\/wp-content\/uploads\/2018\/11\/20170131_075731-550x310.jpg 550w, https:\/\/pfi.ftmc.lt\/wp-content\/uploads\/2018\/11\/20170131_075731-800x450.jpg 800w, https:\/\/pfi.ftmc.lt\/wp-content\/uploads\/2018\/11\/20170131_075731-320x180.jpg 320w, https:\/\/pfi.ftmc.lt\/wp-content\/uploads\/2018\/11\/20170131_075731-533x300.jpg 533w, https:\/\/pfi.ftmc.lt\/wp-content\/uploads\/2018\/11\/20170131_075731-888x500.jpg 888w, https:\/\/pfi.ftmc.lt\/wp-content\/uploads\/2018\/11\/20170131_075731.jpg 1306w\" sizes=\"auto, (max-width: 300px) 100vw, 300px\" \/><\/figure>\n\n\n\n<p><b>Paskirtis:<\/b><\/p>\n\n\n\n<p>Spartaus atkaitinimo krosnis Unitemp-RTP-1300 skirta puslaidininkini\u0173 bandini\u0173 atkaitinimui. Atkaitinimui naudojamos IR lempos (bendra galia 18 kW).<\/p>\n\n\n\n<p><b>Programavimo galimyb\u0117s: <\/b><\/p>\n\n\n\n<p>Valdymas PID temperat\u016bros proceso valdikliu.<\/p>\n\n\n\n<p>Maksimalus atskiros atkaitinimo programos \u017eingsni\u0173 skai\u010dius: 100.<\/p>\n\n\n\n<p><b>Bandinys:<\/b><\/p>\n\n\n\n<p>Maksimalus dydis: 4 coli\u0173 diametro pad\u0117klas.<\/p>\n\n\n\n<p>Storis: iki 1 mm.<\/p>\n\n\n\n<p><span style=\"color: #ff0000;\"><b>Bandini\u0173, turin\u010di\u0173 savo sud\u0117tyje cinko (Zn) atkaitinimas grie\u017etai draud\u017eiamas<\/b><\/span><span style=\"color: #ff0000;\">!<\/span><\/p>\n\n\n\n<p><b>Temperat\u016bros re\u017eimai:<\/b><\/p>\n\n\n\n<p>Neribot\u0105 laik\u0105: nuo kambario iki 700 \u00b0C.<\/p>\n\n\n\n<p>Maksimali temperat\u016br\u0105: iki 1100 \u00b0C <span style=\"color: #ff0000;\">(ne daugiau vienos minut\u0117s!).<\/span><\/p>\n\n\n\n<p>Temperat\u016bros augimo sparta: programuojama, maksimali 200 \u00b0C\/sek.<\/p>\n\n\n\n<p>Temperat\u016bros ma\u017einimo sparta: iki 200 K\/sek. diapazone nuo 600 \u00b0C iki 400 \u00b0C.<\/p>\n\n\n\n<p>iki 30 K\/sek. diapazone nuo 400 \u00b0C iki 100 \u00b0C.<\/p>\n\n\n\n<p><b>Atkaitinimo aplinka:<\/b><\/p>\n\n\n\n<p>Atkaitinimo aplinka (programuojama): vakuumas; dujos: ypa\u010d \u0161var\u016bs N<sub>2<\/sub>, Ar (dvi duj\u0173 linijos, viena iki 150 l\/min, kita iki 500 l\/min).<\/p>\n","protected":false},"excerpt":{"rendered":"<p>Paskirtis: Spartaus atkaitinimo krosnis Unitemp-RTP-1300 skirta puslaidininkini\u0173 bandini\u0173 atkaitinimui. Atkaitinimui naudojamos IR lempos (bendra galia 18 kW). Programavimo galimyb\u0117s: Valdymas PID temperat\u016bros proceso valdikliu. Maksimalus atskiros atkaitinimo programos \u017eingsni\u0173 skai\u010dius: 100. Bandinys: Maksimalus dydis: 4 coli\u0173 diametro pad\u0117klas. Storis: iki 1 mm. Bandini\u0173, turin\u010di\u0173 savo sud\u0117tyje cinko (Zn) atkaitinimas grie\u017etai draud\u017eiamas! Temperat\u016bros re\u017eimai: Neribot\u0105 laik\u0105:&hellip;<\/p>\n<p class=\"more-link-wrapper\"><a class=\"more-link\" href=\"https:\/\/pfi.ftmc.lt\/?page_id=853&#038;lang=lt\">Continue<\/a><\/p>\n","protected":false},"author":2,"featured_media":0,"parent":161,"menu_order":0,"comment_status":"closed","ping_status":"closed","template":"page-templates\/template-fullwidth.php","meta":{"footnotes":""},"class_list":["post-853","page","type-page","status-publish","hentry"],"_links":{"self":[{"href":"https:\/\/pfi.ftmc.lt\/index.php?rest_route=\/wp\/v2\/pages\/853","targetHints":{"allow":["GET"]}}],"collection":[{"href":"https:\/\/pfi.ftmc.lt\/index.php?rest_route=\/wp\/v2\/pages"}],"about":[{"href":"https:\/\/pfi.ftmc.lt\/index.php?rest_route=\/wp\/v2\/types\/page"}],"author":[{"embeddable":true,"href":"https:\/\/pfi.ftmc.lt\/index.php?rest_route=\/wp\/v2\/users\/2"}],"replies":[{"embeddable":true,"href":"https:\/\/pfi.ftmc.lt\/index.php?rest_route=%2Fwp%2Fv2%2Fcomments&post=853"}],"version-history":[{"count":4,"href":"https:\/\/pfi.ftmc.lt\/index.php?rest_route=\/wp\/v2\/pages\/853\/revisions"}],"predecessor-version":[{"id":1101,"href":"https:\/\/pfi.ftmc.lt\/index.php?rest_route=\/wp\/v2\/pages\/853\/revisions\/1101"}],"up":[{"embeddable":true,"href":"https:\/\/pfi.ftmc.lt\/index.php?rest_route=\/wp\/v2\/pages\/161"}],"wp:attachment":[{"href":"https:\/\/pfi.ftmc.lt\/index.php?rest_route=%2Fwp%2Fv2%2Fmedia&parent=853"}],"curies":[{"name":"wp","href":"https:\/\/api.w.org\/{rel}","templated":true}]}}